14). Calculate the greatest common divisor of r and h.
33
Suppose -2*w + 5 = -3*w, 5*x - w = 20. Calculate the greatest common factor of 33 and x.
3
Let k = -29 - -80. Calculate the greatest common factor of 85 and k.
17
Suppose 0 = -24*i + 5*i + 608. Let n be (-18)/(-2) - (2 - 1). Calculate the highest common divisor of i and n.
8
Let y = -591 - -604. What is the highest common factor of y and 13?
13
Suppose 0 = 3*g + 5*a + 19 + 19, -3*a = -g - 8. Let w(c) = 2*c**2 + 15*c - 2. Let q be w(g). Let p = -800 + 830. What is the greatest common divisor of q and p?
15
Let o = 16 - 15. Let t be (2 - o) + 2 + 2. Calculate the greatest common factor of t and 15.
5
Suppose 5*d - 70 = -t, 5*d = 2*t + 44 + 26. Let s be (10/(-4))/(4/(-88)). Let j = s - 41. Calculate the greatest common divisor of d and j.
14
Let f(d) = d**3 + 2*d**2 - 6*d - 7. Let n be f(-3). Suppose 9*t + n*t - 110 = 0. Calculate the highest common factor of 5 and t.
5
Suppose -3*v = 3, -279 = -5*j + 5*v - v. Let l be (66/j)/((-6)/(-20)). Suppose 0 = 2*w - 6 - l. Calculate the highest common divisor of w and 1.
1
Let k be ((-79)/(-3))/(8/72). What is the greatest common factor of k and 158?
79
Let z(l) = -l + 1. Let j = -7 + -12. Let d be z(j). Calculate the greatest common factor of d and 40.
20
Suppose 0 = 3*x + 3*i + 51, 3*x + 43 = 2*i - i. Let w(g) = -2*g + 3. Let c be w(4). Let p be (621/x)/(1/c). What is the greatest common factor of 23 and p?
23
Suppose m - 2*b + 74 = 0, -5*m - 307 = 3*b + 102. Let j = 264 + m. Let q(v) = 2*v**2 - 8*v - 1. Let h be q(6). Calculate the greatest common factor of j and h.
23
Suppose -2*s - 200 = -4*b + 788, 2*b - 4*s = 506. What is the highest common factor of 49 and b?
49
Let v(n) = 4*n**2 - n - 1. Let p be v(-1). Suppose 12 + p = 2*g. Let q = 160 + -88. Calculate the highest common factor of q and g.
8
Let j be 5 - (-8)/(-2) - -3. Suppose -2*p - j = -14. Suppose w = -p*w + 330. Calculate the greatest common factor of w and 5.
5
Suppose i + 103 = 3*y, -2*y = -4*i - 48 - 14. What is the greatest common factor of y and 21?
7
Let p be 1/2 + 3/(-6). Suppose 0*f + 5 = 5*f - 5*v, 2*f - 3*v + 2 = p. Let m(y) = 5*y. Let l be m(5). What is the greatest common divisor of l and f?
5
Suppose s - 13 = -4*r, -s = -r - 5*s - 8. Suppose x + x - 1 = -y, 34 = 2*y - r*x. Calculate the greatest common divisor of 72 and y.
9
Suppose -2*r + 2*v + 21 = -75, -5*r + 237 = -4*v. Let k be 5 + (-5)/(-1) - -5. Calculate the highest common factor of r and k.
15
Let p = 0 + 4. Let o = -1618 - -1621. Calculate the highest common factor of o and p.
1
Let y = -450 - -482. What is the greatest common divisor of 1040 and y?
16
Suppose -b + 2*b + 3*k = 99, -3*k = 4*b - 405. What is the greatest common factor of 12 and b?
6
Let o be 1/2*(-1 - 2 - -377). Let p = -118 + o. What is the greatest common divisor of p and 3?
3
Let w = -585 + 904. Calculate the greatest common factor of w and 55.
11
Let b be 116/4 - (1 + 2). Let d(m) = m**3 + 7*m**2 + 2*m - 14. Let k be d(-5). Calculate the highest common divisor of b and k.
26
Suppose 2*b + 879 = 3*t - b, -2*t + 566 = 2*b. Suppose 5536 = -z + 5568. What is the greatest common factor of t and z?
32
Let v be (-8)/(-3)*3/2. Suppose -z = -s - 48, 0*s = -5*z - 2*s + 212. What is the greatest common divisor of v and z?
4
Let m be ((-4)/(-12))/(1/105). Let o = 481 - 341. Calculate the highest common factor of o and m.
35
Let l = -34 + 56. Suppose 0 = -3*o + l - 4. Let i(x) = 2*x**2 + 3*x - 6. Let c be i(o). Calculate the highest common divisor of c and 12.
12
Suppose 5*r = 137 + 448. Suppose 1944 = 244*f - 28*f. What is the greatest common divisor of r and f?
9
Let s(t) = -t**2 - 5*t + 4. Let x be s(-5). Suppose 0 = x*i - 3*i - 80. Let g = -6610 + 6626. Calculate the greatest common factor of g and i.
16
Suppose -36*c = -25*c - 660. Let t be 43 + (-3 - -1) + -1. What is the highest common divisor of t and c?
20
Suppose -484 = -w + 3*c, -w + 5*c = 125 - 615. Calculate the highest common divisor of 25 and w.
25
Let j(w) = w**3 + 4*w**2 - 6*w - 5. Let g be j(-3). Suppose 128 = g*a - 18*a. Calculate the highest common factor of a and 16.
16
Suppose -439*o + 64 = -435*o. Calculate the greatest common divisor of o and 52.
4
Suppose -2*o = i - 144, -10*i + 5*i - 4*o + 720 = 0. Calculate the highest common divisor of i and 9.
9
Let v = -1241 + 1277. What is the greatest common divisor of 9 and v?
9
Let s = 544 + -487. Calculate the greatest common factor of 285 and s.
57
Let w(p) = p**3 - 5*p**2 + p + 4. Let f be w(2). Let x = f - -8. Suppose -x*g + 0 + 16 = 0. Calculate the greatest common divisor of g and 48.
8
Suppose f = -4*f + 10. Suppose -3*x = 4*i - 109, -4*x + 143 = -f*i + 5*i. Calculate the highest common factor of x and 21.
7
Let t = -1327 - -2271. Calculate the highest common divisor of 59 and t.
59
Suppose -5*p + 3*l + 209 = 0, -3*p = -4*l - l - 135. Suppose -5*r - 1694 = 6*r. Let j = r + 174. What is the greatest common factor of j and p?
20
Let m = -553 - -556. Calculate the highest common factor of 3 and m.
3
Suppose 2*h + 3*h = -5*b + 185, 193 = 5*h + 3*b. Let y = h - -28. What is the greatest common divisor of y and 46?
23
Let c be 8/48 + (-101)/(-6). Suppose c = 2*n - 5. What is the greatest common divisor of 55 and n?
11
Let g = 254 - 119. Calculate the highest common divisor of 180 and g.
45
Let c = -306 - -394. What is the greatest common factor of c and 66?
22
Let r(i) = i**2 + 17*i + 144. Let q be r(-11). Calculate the highest common divisor of q and 624.
78
Let p = 9 + -5. Suppose 5*t = p*k - 7 - 77, 21 = k - 4*t. Let z(n) = -8*n - 12. Let o be z(-12). What is the greatest common factor of k and o?
21
Suppose -3*n - 616 = -4*k, 0*k + 4*k = -2*n + 616. Let u be -7*(-3)/6*4. Calculate the greatest common divisor of k and u.
14
Let k = -1160 - -1190. Calculate the highest common divisor of 710 and k.
10
Suppose -25*o + 10 = -20*o. Calculate the highest common factor of o and 39.
1
Let j = -12 + -22. Let l be j/(-14) + -1*12/28. Calculate the greatest common divisor of 10 and l.
2
Suppose -2*h + 365 = 2*g - 239, 3*g = -h + 304. What is the highest common factor of 86 and h?
43
Let y(f) = -4*f**2 + 12*f + 2*f**2 - 11 + 2 + f**2. Let m be y(11). Calculate the greatest common factor of m and 2.
2
Suppose -2*n = -a + 4*a - 835, -5*n = 4*a - 1125. Suppose -5*o = a - 860. Calculate the greatest common factor of o and 39.
39
Let b(n) = -n**3 + 7*n**2 - 4*n - 2. Let w be b(5). Let h(k) = -k**3 + 7*k**2 + 7*k - 8. Let f be h(6). What is the greatest common divisor of w and f?
14
Let z be (-8)/(-32) + ((-165)/(-12) - 4). Calculate the greatest common factor of z and 410.
10
Let r be (-6 - (7 - 18)) + 499. What is the greatest common divisor of 56 and r?
56
Suppose -4*w + 1580 = 4*t, 10*t + 419 = w + 5*t. Calculate the greatest common factor of w and 21.
21
Let l(p) = p**2 + 8*p - 6. Let t be (-162)/16 - (-3)/24. Let s be l(t). Calculate the highest common divisor of 98 and s.
14
Suppose -4*b = 12*b - 1536. Calculate the highest common factor of b and 120.
24
Let r(a) = -3*a + 3. Let z be r(6). Let g = z + 17. Suppose g*p - 352 = -2*p. Calculate the greatest common divisor of p and 8.
8
Suppose q = 4*v + 64, -4*v + 252 = 5*q - 68. Calculate the greatest common divisor of q and 44.
4
Let q be 917/6 - (-2)/12. Suppose q = h + 21. Suppose 3*u - 2*l - 44 = 0, -u - 3*l = -0*l. Calculate the highest common divisor of u and h.
12
Let v(b) = -b - 9. Let f be v(-13). Suppose f*o - 2*t - 8 = 0, 0 + 8 = 5*o - 3*t. Calculate the highest common divisor of 52 and o.
4
Let o = -57 - -42. Let u be -6*36/o - 24/(-40). Calculate the greatest common divisor of u and 105.
15
Suppose 20*z + 2*z = 4400. Suppose 4*g - 352 = -32. Calculate the greatest common divisor of g and z.
40
Let t be -15 - (3 + -1) - -3. Let q = t - -20. Let c(m) = -2*m**3 - 2*m. Let x be c(-3). Calculate the highest common factor of x and q.
6
Let y be -2 + 6 - 4 - (-9 - 10). What is the greatest common factor of y and 2?
1
Let p be (393/9)/(1/3). Suppose 2*r = p + 181. What is the highest common divisor of 12 and r?
12
Let u(o) = 56*o - 220. Let t be u(6). Calculate the highest common divisor of t and 87.
29
Suppose 20 = -6*u + 10*u. Suppose 0*m = u*m - 60. Calculate the greatest common factor